{"id":53,"date":"2025-06-20T04:54:59","date_gmt":"2025-06-20T04:54:59","guid":{"rendered":"https:\/\/proteqt-ev.de\/?page_id=53"},"modified":"2025-09-14T13:10:59","modified_gmt":"2025-09-14T13:10:59","slug":"start","status":"publish","type":"page","link":"https:\/\/proteqt-ev.de\/","title":{"rendered":"Unser Ziel"},"content":{"rendered":"\n<div class=\"wp-block-group is-vertical is-layout-flex wp-container-core-group-is-layout-8cad6afd wp-block-group-is-layout-flex\">\n<div class=\"wp-block-columns is-layout-flex wp-container-core-columns-is-layout-9d6595d7 wp-block-columns-is-layout-flex\">\n<div class=\"wp-block-column is-layout-flow wp-block-column-is-layout-flow\" style=\"flex-basis:100%\">\n<h3 class=\"wp-block-heading has-xl-font-size\">Unabh\u00e4ngig von Geschlecht oder Sexualit\u00e4t<\/h3>\n\n\n\n<h1 class=\"wp-block-heading\">Schutz vor Gewalt ist ein Menschenrecht<\/h1>\n\n\n\n<div style=\"height:30px\" aria-hidden=\"true\" class=\"wp-block-spacer\"><\/div>\n\n\n\n<p class=\"has-lg-font-size\">Wir setzen uns f\u00fcr den Aufbau eines queeren Krisen- und Gewaltschutzhauses in K\u00f6ln ein \u2013 als Zufluchtsort f\u00fcr Menschen, die queerfeindliche, transfeindliche oder weitere geschlechtsspezifische Gewalt erleben.<\/p>\n\n\n\n<p class=\"has-lg-font-size\">Neben gesch\u00fctzten R\u00e4umen f\u00fcr Betroffene arbeiten wir aktiv daran, die Zivilgesellschaft sowie bestehende Gewaltschutzstrukturen f\u00fcr die Lebensrealit\u00e4ten und Bed\u00fcrfnisse von LSBTIQA*-Personen zu sensibilisieren \u2013 durch Fortbildungen, Aufkl\u00e4rung und \u00d6ffentlichkeitsarbeit.<\/p>\n<\/div>\n<\/div>\n<\/div>\n\n\n\n<div style=\"height:30px\" aria-hidden=\"true\" class=\"wp-block-spacer\"><\/div>\n\n\n\n<div class=\"wp-block-buttons is-layout-flex wp-block-buttons-is-layout-flex\">\n<div class=\"wp-block-button\"><a class=\"wp-block-button__link wp-element-button\" href=\"https:\/\/proteqt-ev.de\/?page_id=14\">Kontaktiere uns<\/a><\/div>\n<\/div>\n\n\n\n<div style=\"height:30px\" aria-hidden=\"true\" class=\"wp-block-spacer\"><\/div>\n\n\n\n<h3 class=\"wp-block-heading has-base-font-size\">Warum braucht es eine queere Krisen- und Schutzeinrichtung in K\u00f6ln?<\/h3>\n\n\n\n<p class=\"has-base-font-size\">In K\u00f6ln fehlt bislang ein queer- und trans*sensibles Schutzangebot f\u00fcr Menschen, die von queerfeindlicher Gewalt betroffen sind oder als queere Person Gewalt in der Familie oder ihren Beziehungskontexten erfahren und dringend einen sicheren Ort ben\u00f6tigen.<\/p>\n\n\n\n<p class=\"has-base-font-size\">Bestehende Einrichtungen sind meist bin\u00e4r organisiert \u2013 entweder f\u00fcr Frauen oder M\u00e4nner \u2013 und ber\u00fccksichtigen selten queere Identit\u00e4ten, verschiedene sexuelle Orientierungen oder nicht-heteronormative Beziehungsformen. Das f\u00fchrt nicht nur zu Ausschl\u00fcssen, sondern oft auch zu weiterer Diskriminierung.<\/p>\n\n\n\n<p class=\"has-base-font-size\">Queerspezifische Gewalt&nbsp;ist keine einmalige Erfahrung \u2013 sie ist oft strukturell, wiederkehrend und retraumatisierend. Anders als viele andere Formen traumatischer Gewalt kennt sie kein klares Ende. Umso wichtiger sind Schutzr\u00e4ume, in denen queere Betroffene sicher sind \u2013 begleitet von Fachkr\u00e4ften, die queer-sensibel und traumasensibel arbeiten.<\/p>\n\n\n\n<p class=\"has-base-font-size\">Hinzu kommt: Viele queere Menschen k\u00f6nnen in Krisensituationen nicht auf famili\u00e4ren R\u00fcckhalt z\u00e4hlen und es fehlt an einem sozialen Netz.<\/p>\n\n\n\n<p class=\"has-base-font-size\">Gegenw\u00e4rtig existieren bundesweit nur zwei Schutzunterk\u00fcnfte in Berlin und M\u00fcnchen speziell f\u00fcr queere Menschen \u2013 mit sehr begrenzter Platzanzahl. Die Nachfrage w\u00e4chst deutlich, wie auch die Erfahrungen aus der Beratung im rubicon e.V. zeigen.<\/p>\n\n\n\n<p class=\"has-base-font-size\">K\u00f6ln braucht endlich einen Schutzraum, der queere Lebensrealit\u00e4t, insbesondere die von trans- und intergeschlechtlichen sowie nicht-bin\u00e4ren Personen, ernst nimmt.<\/p>\n\n\n\n<p><\/p>\n","protected":false},"excerpt":{"rendered":"<p>Unabh\u00e4ngig von Geschlecht oder Sexualit\u00e4t Schutz vor Gewalt ist ein Menschenrecht Wir setzen uns f\u00fcr den Aufbau eines queeren Krisen- und Gewaltschutzhauses in K\u00f6ln ein \u2013 als Zufluchtsort f\u00fcr Menschen, die queerfeindliche, transfeindliche oder weitere geschlechtsspezifische Gewalt erleben. Neben gesch\u00fctzten R\u00e4umen f\u00fcr Betroffene arbeiten wir aktiv daran, die Zivilgesellschaft sowie bestehende Gewaltschutzstrukturen f\u00fcr die Lebensrealit\u00e4ten&hellip;<\/p>\n","protected":false},"author":1,"featured_media":0,"parent":0,"menu_order":0,"comment_status":"closed","ping_status":"closed","template":"","meta":{"footnotes":""},"class_list":["post-53","page","type-page","status-publish","hentry","description-off"],"_links":{"self":[{"href":"https:\/\/proteqt-ev.de\/index.php?rest_route=\/wp\/v2\/pages\/53","targetHints":{"allow":["GET"]}}],"collection":[{"href":"https:\/\/proteqt-ev.de\/index.php?rest_route=\/wp\/v2\/pages"}],"about":[{"href":"https:\/\/proteqt-ev.de\/index.php?rest_route=\/wp\/v2\/types\/page"}],"author":[{"embeddable":true,"href":"https:\/\/proteqt-ev.de\/index.php?rest_route=\/wp\/v2\/users\/1"}],"replies":[{"embeddable":true,"href":"https:\/\/proteqt-ev.de\/index.php?rest_route=%2Fwp%2Fv2%2Fcomments&post=53"}],"version-history":[{"count":37,"href":"https:\/\/proteqt-ev.de\/index.php?rest_route=\/wp\/v2\/pages\/53\/revisions"}],"predecessor-version":[{"id":214,"href":"https:\/\/proteqt-ev.de\/index.php?rest_route=\/wp\/v2\/pages\/53\/revisions\/214"}],"wp:attachment":[{"href":"https:\/\/proteqt-ev.de\/index.php?rest_route=%2Fwp%2Fv2%2Fmedia&parent=53"}],"curies":[{"name":"wp","href":"https:\/\/api.w.org\/{rel}","templated":true}]}}