{"id":69,"date":"2025-07-02T14:48:04","date_gmt":"2025-07-02T14:48:04","guid":{"rendered":"https:\/\/proteqt-ev.de\/?page_id=69"},"modified":"2025-07-23T11:23:08","modified_gmt":"2025-07-23T11:23:08","slug":"leichtere-sprache","status":"publish","type":"page","link":"https:\/\/proteqt-ev.de\/?page_id=69","title":{"rendered":"Leichte Sprache"},"content":{"rendered":"\n<p class=\"has-base-font-size\" style=\"font-style:normal;font-weight:500\"><strong>Alle Menschen sollen sicher leben.<\/strong><br><br>Niemand darf Gewalt erleben.<br>Egal, welches Geschlecht jemand hat.<br>Egal, ob jemand M\u00e4nner oder Frauen liebt.<\/p>\n\n\n\n<p class=\"has-base-font-size\" style=\"font-style:normal;font-weight:500\">Wir m\u00f6chten einen&nbsp;<strong>sicheren <\/strong>Ort&nbsp;in K\u00f6ln aufbauen. <br>Das kann eine Wohnung oder ein Haus sein.<br>Noch gibt es das nicht.<br>Der Ort ist f\u00fcr&nbsp;<strong>queere Menschen<\/strong>.<br>Queer hei\u00dft:<br>Zum Beispiel schwul, lesbisch, trans oder nicht-bin\u00e4r.<br>Diese Menschen erleben h\u00e4ufig Gewalt.<br>Im Haus k\u00f6nnen sie Hilfe bekommen und sich sicher f\u00fchlen.<br><\/p>\n\n\n\n<p class=\"has-base-font-size\" style=\"font-style:normal;font-weight:500\">Wir tun noch mehr. <br>Wir erkl\u00e4ren auch anderen Menschen:<br>Queere Menschen gibt es.<br>Sie brauchen Schutz.<br>Wir machen Kurse und geben Infos.<br>So wollen wir queere Menschen besser sch\u00fctzen.<\/p>\n\n\n\n<p class=\"has-base-font-size\" style=\"font-style:normal;font-weight:500\"><strong>Hast du Angst oder hast du Gewalt erlebt? Du bist nicht allein.<\/strong><\/p>\n\n\n\n<p class=\"has-base-font-size\" style=\"font-style:normal;font-weight:500\">Wir bauen gerade unsere Hilfe auf.<br>Deshalb k\u00f6nnen wir im Moment keine Beratung machen.<br>Wir k\u00f6nnen dich auch nicht an andere Stellen weiterleiten.<\/p>\n\n\n\n<p class=\"has-base-font-size\" style=\"font-style:normal;font-weight:500\">Wenn du jetzt in einer Notlage bist:<br>Auf der Seite&nbsp;<strong>\u201eInfos f\u00fcr Betroffene\u201c<\/strong>&nbsp;findest du Hilfe.<\/p>\n\n\n\n<h2 class=\"wp-block-heading\">\u00dcbersetzungen von unseren Instagram Posts<\/h2>\n\n\n\n<p>Das ist der erste Text.<br>Der Text ist von Instagram.<br>Auf Instagram findest du auch ein Bild dazu.<br>Queere Menschen erleben oft Gewalt.<br>Das wollen wir verhindern.<br>Daf\u00fcr brauchen wir sichere Orte f\u00fcr queere Menschen.<br>Dort sollen queere Menschen unterst\u00fctzt werden.<br><br>In Deutschland gibt es nur zwei solche Orte. In Berlin und M\u00fcnchen.<br>In K\u00f6ln gibt es das nicht.<br>Deshalb haben wir proteQt gegr\u00fcndet. ProteQt ist ein Verein.<br><\/p>\n\n\n\n<p>Unser Ziel: Einen Ort zu schaffen.<br>Der Ort soll so sein:<\/p>\n\n\n\n<ul class=\"wp-block-list\">\n<li>sicher vor Gewalt<\/li>\n\n\n\n<li>ohne Abwertung<\/li>\n\n\n\n<li>ohne Ausgrenzung<\/li>\n<\/ul>\n\n\n\n<p>An dem Ort k\u00f6nnen queere Menschen zur Ruhe kommen.<br>Und neue Wege f\u00fcr ihr Leben finden.<\/p>\n\n\n\n<p>Wir setzen uns f\u00fcr so einen Ort ein.<\/p>\n\n\n\n<p><\/p>\n\n\n\n<p>Das ist der zweite Text.<\/p>\n\n\n\n<p>Heute starten wir unsere Kampagne.<br>Das bedeutet: wir machen auf uns aufmerksam.<br>Die Kampagne hei\u00dft: \u201eQueer und sicher- gemeinsam gegen queer- und transspezifische Gewalt\u201c.<br>Die Kampagne wird gef\u00f6rdert durch \u201eDemokratie leben!\u201c.<\/p>\n\n\n\n<p>Wir waren in einem Ministerium.<br>Das war das Ministerium f\u00fcr Kinder, Jugend, Familie, Gleichstellung, Flucht und Integration.<br>Wir haben dort eine Arbeitsgruppe angeboten.<br>Darin haben wir unsere Idee vorgestellt.<\/p>\n\n\n\n<p>Wir wollen auf die Lebenslagen queerer und trans* Menschen aufmerksam machen.<br>Wir wollen Menschen dazu aufkl\u00e4ren.<br>Gemeinsam gegen Gewalt.<\/p>\n\n\n\n<p><\/p>\n\n\n\n<p>Das ist Text drei:<\/p>\n\n\n\n<p>Gewalt hat starke Auswirkungen.<br>Es gibt verschiedene Arten von Gewalt.<br>Viele Arten von Gewalt sind nicht so bekannt.<br>Wir wollen die Arten von Gewalt bekannt machen.<\/p>\n\n\n\n<p>Es gibt noch viele mehr.<br>Die Liste ist nicht vollst\u00e4ndig.<br>Arten von Gewalt:<\/p>\n\n\n\n<ul class=\"wp-block-list\">\n<li>k\u00f6rperliche Gewalt. Das ist zum Beispiel: Schl\u00e4ge, Tritte, Angriffe auf den K\u00f6rper<\/li>\n\n\n\n<li>psychische Gewalt. Das ist zum Beispiel: Beleidigungen, Drohungen, Beeinflussung<\/li>\n\n\n\n<li>emotionale Gewalt. Das ist zum Beispiel: herabsetzen, nicht beachten, Ger\u00fcchte verbreiten<\/li>\n\n\n\n<li>sexualisierte Gewalt. Das ist zum Beispiel: unerw\u00fcnschte Ber\u00fchrungen, Bel\u00e4stigung, Vergewaltigung<\/li>\n\n\n\n<li>partnerschaftliche Gewalt. Das ist Gewalt in einer Partnerschaft<\/li>\n\n\n\n<li>famili\u00e4re Gewalt. Das ist Gewalt in der Familie.<\/li>\n\n\n\n<li>systemische Gewalt. Das ist zum Beispiel: ungleiche Behandlung durch ein Amt, ungleiche Rechte<\/li>\n\n\n\n<li>medizinische Gewalt. Das ist zum Beispiel: falsche Behandlung, keine Behandlung, nicht ernst nehmen<\/li>\n<\/ul>\n\n\n\n<p>Gewalt ist sehr unterschiedlich.<br>Gewalt ist manchmal schwer zu erkennen.<br>Wir wollen darauf aufmerksam machen.<br>Wir setzen uns f\u00fcr eine gewaltfreie Welt ein.<\/p>\n\n\n\n<p><\/p>\n\n\n\n<p>Bald kommen noch mehr Texte.<\/p>\n","protected":false},"excerpt":{"rendered":"<p>Alle Menschen sollen sicher leben. Niemand darf Gewalt erleben.Egal, welches Geschlecht jemand hat.Egal, ob jemand M\u00e4nner oder Frauen liebt. Wir m\u00f6chten einen&nbsp;sicheren Ort&nbsp;in K\u00f6ln aufbauen. Das kann eine Wohnung oder ein Haus sein.Noch gibt es das nicht.Der Ort ist f\u00fcr&nbsp;queere Menschen.Queer hei\u00dft:Zum Beispiel schwul, lesbisch, trans oder nicht-bin\u00e4r.Diese Menschen erleben h\u00e4ufig Gewalt.Im Haus k\u00f6nnen sie&hellip;<\/p>\n","protected":false},"author":2,"featured_media":0,"parent":0,"menu_order":0,"comment_status":"closed","ping_status":"closed","template":"","meta":{"footnotes":""},"class_list":["post-69","page","type-page","status-publish","hentry","description-off"],"_links":{"self":[{"href":"https:\/\/proteqt-ev.de\/index.php?rest_route=\/wp\/v2\/pages\/69","targetHints":{"allow":["GET"]}}],"collection":[{"href":"https:\/\/proteqt-ev.de\/index.php?rest_route=\/wp\/v2\/pages"}],"about":[{"href":"https:\/\/proteqt-ev.de\/index.php?rest_route=\/wp\/v2\/types\/page"}],"author":[{"embeddable":true,"href":"https:\/\/proteqt-ev.de\/index.php?rest_route=\/wp\/v2\/users\/2"}],"replies":[{"embeddable":true,"href":"https:\/\/proteqt-ev.de\/index.php?rest_route=%2Fwp%2Fv2%2Fcomments&post=69"}],"version-history":[{"count":11,"href":"https:\/\/proteqt-ev.de\/index.php?rest_route=\/wp\/v2\/pages\/69\/revisions"}],"predecessor-version":[{"id":127,"href":"https:\/\/proteqt-ev.de\/index.php?rest_route=\/wp\/v2\/pages\/69\/revisions\/127"}],"wp:attachment":[{"href":"https:\/\/proteqt-ev.de\/index.php?rest_route=%2Fwp%2Fv2%2Fmedia&parent=69"}],"curies":[{"name":"wp","href":"https:\/\/api.w.org\/{rel}","templated":true}]}}